Let j(d) = -5*d**2 + d + 10. Let q(g) = 6*g**2 - g - 9. Let c(f) = -7*j(f) - 6*q(f). Calculate c(a).
-16
Suppose 0*j - 3*j - 2*a + 10 = 0, -4 = 4*a. Let i = 493 - 431. Let o(w) = i + 6*w - 29 - 2*w**2 - 35. What is o(j)?
-10
Let j be 0 - (-1 + 2 + -1). Let v(d) be the first derivative of -1/2*d**2 - 264 - 13*d. Give v(j).
-13
Suppose o = -2*g - 30, -5*o + 2*g - 52 = 62. Suppose -l = 5*t + 93, 4*t - 2*l - 37 = -117. Let d = t - o. Let p(v) = v**2 - 5*v + 7. Give p(d).
7
Suppose -10*y + 7*y = 5*d - 78, 3*d - 78 = -3*y. Let c(m) = 23*m - 8 - 50*m + y*m. Suppose 0 = -r + 5*r + 16. What is c(r)?
-4
Let k(o) = -3*o + 7. Let v = -241 + 246. Suppose -5*d + w + 35 = 6*w, v*d - 5*w - 5 = 0. Determine k(d).
-5
Let s(y) = y - 2*y + 18 - 47 + 2*y**2 + 13 + 14. Determine s(4).
26
Let v(l) be the first derivative of -3*l**2 + 195*l - 2710. Calculate v(36).
-21
Let f(g) = 3*g - 17. Let t(n) = 4 - n + 8 - 5 + 38*n. Let l be t(0). Determine f(l).
4
Let j(s) be the second derivative of -s**4/6 - 3*s**3/2 - 4*s**2 - 278*s - 1. Calculate j(-4).
-4
Suppose 2*m - 28 = -2*m. Suppose 75 = -m*b - 8*b. Let c(j) be the second derivative of -j**3/2 - 7*j**2/2 + 2*j. What is c(b)?
8
Let s(m) = -m**3 - 16*m**2 + 21*m + 57. Suppose -3*q = 2*k + 42 + 1, 0 = -4*k - 4*q - 80. Calculate s(k).
-11
Let o be (-4)/(-3)*3/2. Let m = -172 - -173. Let h(j) = -o*j - m + j + 6. Give h(-9).
14
Let h be (33/18 - -4)/(4/24). Let c(d) = -60 + 23 + h - d**2 + 6*d**2 + 2*d. What is c(1)?
5
Suppose -m - 4*u = -14, 2*m + 3*u = 4 + 9. Suppose c + 3*k - 10 = m*k, 5*k = 2*c + 8. Suppose 0 = 2*i - 4 + c. Let q(g) = 5*g. Calculate q(i).
-5
Let v = -249 + 270. Suppose -3*b = 2*d - 5, -30*d = -26*d - 5*b - v. Let q(j) = j**3 - 4*j**2 - 3*j - 5. Give q(d).
-17
Let l(n) be the second derivative of -n**5/40 + n**4/8 + 49*n**3/6 + 66*n. Let q(i) be the second derivative of l(i). Determine q(3).
-6
Let u(n) = -9*n**2 + 9*n + 2. Let v(y) = 2*y**2 + 2*y - 2. Let x(j) = -3*j**2 - 2*j + 3. Let i(q) = -4*v(q) - 3*x(q). Let a(l) = 4*i(l) + u(l). Determine a(2).
-20
Let d(x) be the third derivative of 5/24*x**4 - 1/60*x**5 + 107*x**2 + 0 + 0*x**3 + 0*x. Let k = -3 - -6. Give d(k).
6
Let w be 8/(-32) - 27/(-12). Let r(z) = -7*z + 0*z + 4*z - 3*z - 1 - w. Determine r(-5).
27
Let y(w) = -5*w**2 - 35*w - 4. Let x be 24/(-2) - (-8 + -6 + 19)/(-1). What is y(x)?
-4
Let v(h) = -h**3 - 2*h**2 - 5*h - 8. Let c(a) = a**3 + 4*a**2 + 6*a + 10. Let j(t) = 3*c(t) + 4*v(t). Give j(2).
2
Let u(z) = 69 - 2*z**3 + 9*z - 9 - 7*z**2 - 61 - 10. Give u(-5).
19
Let n(c) = 39*c**2 + c - 19. Let p(g) = 114*g**2 + 3*g - 54. Let v(u) = -17*n(u) + 6*p(u). Calculate v(1).
21
Let r(a) = -7*a + 94 - 76 - 7*a**2 - 4*a - a**3 + 3*a + 6*a. What is r(-6)?
-6
Let f(x) be the first derivative of x**5/10 + 5*x**4/12 + x**3/3 - x**2/2 + 33*x + 59. Let d(a) be the first derivative of f(a). Calculate d(-2).
-1
Let i be (9/15)/((-2)/(-20)). Let c(y) = 98*y - 185. Let x(f) = -27*f + 51. Let d(p) = 8*c(p) + 29*x(p). Determine d(i).
5
Let t(l) = l**2 + 11*l + 18. Suppose 8 + 4 = 5*i - 4*k, 0 = 3*i + 4*k - 20. Let r be i*(-1)/((-4)/(-8)). Let b be t(r). Let a(p) = -p**2 - 7*p + 2. Give a(b).
8
Let a(l) = -l**2 + 4*l + 4. Let q(s) = -2*s**2 + 8*s + 8. Suppose t + 7 - 1 = 0. Let f(g) = t*q(g) + 11*a(g). Let z = 8 + -3. Calculate f(z).
1
Let g(l) = 3*l + 5. Let c(u) = -u - 2. Let j(a) = -5*c(a) - 2*g(a). Let i be 2/(145/45 + -3). Suppose -r = 4*q - 6*r + i, 2*q + 5 = 3*r. Calculate j(q).
1
Let k be 2 + -4 + 2 - -3. Let o(w) = -4*w**2 - 3*w + 2. Let f(i) = 5*i**2 + 4*i - 2. Let v(a) = k*f(a) + 4*o(a). Suppose -20*j + 24*j = -8. Give v(j).
-2
Suppose 8 = -4*i - 5*v, 250*v + 15 = i + 247*v. Let n(k) be the first derivative of 4*k**2 - 1/4*k**4 - 7/3*k**i + 4*k - 4. Determine n(-8).
4
Suppose 52*k + 46*k + 1479 = -383. Let j(w) = -w**2 - 16*w + 58. Give j(k).
1
Let r(y) = -42*y**2 + 19*y - 35. Let w(d) = -10*d**2 + 2. Let g(f) = r(f) - 4*w(f). Determine g(7).
-8
Suppose 6*m - 1564 = -328. Let j = 210 - m. Let n(d) = 4*d - 1. Give n(j).
15
Let c(p) = p**2 + 26*p - 204. Let r be c(11). Let h(z) = -3132*z + 609. Let s(v) = -31*v + 6. Let l(o) = r*s(o) - 2*h(o). Calculate l(1).
-29
Let v(d) = -d**3 - 7*d**2 + 16. Let x be v(-7). Let l(u) = -u**2 + 19*u - 47. Calculate l(x).
1
Suppose -4 = g - 3*g. Let h(o) = 2*o**2 - 1. Let y be h(g). Let z(w) be the first derivative of w**4/4 - 7*w**3/3 - 3*w**2/2 + 7*w + 105895. What is z(y)?
-14
Suppose 2*c + 5*t - 7 = -10, 0 = -5*c + 3*t + 70. Suppose c + 19 = -10*r. Let y(v) = -v - 1. Give y(r).
2
Suppose f = 5*s + 3*f - 24, 0 = 2*s - 2*f - 18. Let b(z) = -z - 5*z + z - 16 + s. Let u(o) = -o - 2. Let l(r) = 2*b(r) - 11*u(r). Determine l(0).
2
Suppose -q - 2*w + 491 = 0, -5*q + 4*q - 3*w = -490. Let k = q - 488. Let x(f) = -f**2 + 7*f - 10. What is x(k)?
0
Let c(v) be the first derivative of v**5/30 - v**4/6 + v**3/6 - 8*v**2 - 35. Let t(i) be the second derivative of c(i). Let z be -10*(4/8)/(-1). Determine t(z).
31
Let i(h) be the second derivative of -h**4/12 + 11*h**3/2 - 103*h**2/2 - h - 57. Determine i(29).
13
Suppose -4*u + 23 = -1. Let s(l) = -32987*l**2 + 1000*l - 995*l + 5 + 32986*l**2. Determine s(u).
-1
Let m(q) = 2*q. Let c(s) = 4*s - 2. Let z(j) = -6*c(j) + 10*m(j). Let x(w) = -12*w + 32. Let o(u) = 4*x(u) - 11*z(u). Calculate o(-3).
8
Let w(j) be the second derivative of -6*j**2 + 7/6*j**3 + 0 - 252*j. Calculate w(3).
9
Let o = -1040 - -1044. Let m(w) be the second derivative of -w**4/12 + w**3/3 - 2*w**2 - 38*w - 1. Determine m(o).
-12
Let m(g) = 10*g**3 + 30*g**2 - 2*g - 32. Let i(q) = 6*q**3 + 16*q**2 - q - 17. Let o(w) = -7*i(w) + 4*m(w). What is o(4)?
-13
Let o(y) = -8*y + 8 + 7 + 9*y. Let r(l) = l**3 + 22*l**2 + 22*l + 24. Let q be r(-21). Suppose 2*t - 21 = 4*z - q*t, -2*z - t = 21. Determine o(z).
6
Let c(v) = -13*v - 22*v - 21*v - 48 + 59*v. Give c(0).
-48
Let s be (-12)/(-20) - (-84)/(-15). Let l(o) = -o**2 + 2*o + 3. Let g(d) = d**2 - 4*d - 5. Let a(n) = s*l(n) - 3*g(n). Calculate a(2).
12
Let q(x) = -x**3 + 6*x + 2. Let i = -3739 - -3736. Determine q(i).
11
Let i(o) = o**2 + 11*o - 52. Suppose -6*a - 540 = 7*a + 23*a. Determine i(a).
8
Let z(m) = m**2 + 6*m - 11. Let h be -15*(-1 + (-24)/(-15)). Let p be z(h). Suppose -o - p = 4*a + 3*o, -2*o = 10. Let g(i) = 16*i. Determine g(a).
16
Let i(w) be the second derivative of w**3/6 - 2*w**2 + 671*w - 2. Suppose 37 = 4*f - 4*r + 1, 4*f = -r + 21. Determine i(f).
2
Let r(g) = g**2 - 17*g - 15. Suppose -8*i = -20 - 4. Let c(j) = j**2 - 16*j - 13. Let z(m) = i*r(m) - 2*c(m). Give z(20).
1
Let c(u) = -7*u + u + 3 - 90*u**2 + 1 + 94*u**2. Let t(p) = p**2 + 1. Let b(n) = -c(n) + 3*t(n). Calculate b(5).
4
Suppose -5*u + 4*i + 220 = 0, -4*u + 8*u + 3*i - 207 = 0. Suppose u*l - 37*l = 44. Let o(c) = 2*c - 8. Calculate o(l).
0
Let a(q) be the second derivative of q**4/12 + 13*q**3/6 - 19*q**2 - 44*q + 26. Determine a(-17).
30
Let b = 263 + -214. Let d(p) = 26*p**2 + 24*p**2 - 11*p - b*p**2. Determine d(12).
12
Let k(m) be the first derivative of 8*m + 136 + 1/3*m**3 + 4*m**2. Calculate k(-5).
-7
Let d = 464 + -455. Let z(c) = -c**3 + c**2 + 1. Let j(g) = 3*g**3 - 10*g**2 - 10*g + 2. Let n(s) = j(s) + 2*z(s). Determine n(d).
-5
Suppose 1 - 5 = 2*b. Let z(l) = 2396 - 4*l - 1200 + 4*l - 1205 + l - 3*l. Calculate z(b).
-5
Let a be 205/41*6/10. Let u(g) = 6*g - 3*g + 9*g - 11 - g - 10*g**2 - g**a + 6*g**2. Determine u(-6).
-5
Let r(j) = j**3 - 3*j**2 + j + 5. Let h be -6 + (272/102)/((-1)/9). Let y be (-6)/(1/(12/h) + 1). Calculate r(y).
25
Let t(o) be the third derivative of -o**4/8 + 6*o**3 + 4770*o**2. What is t(-14)?
78
Let q(k) = k**3 - 9*k**2 + 7. Let d be q(9). Let w(o) = 11*o**2 - 7*o - 14. Let h(m) = -3*m**2 + 3*m + 1. Let a(r) = -4*h(r) - w(r). Calculate a(d).
24
Let i be -1 + 2 - (-3 + 4 + -6). Let u(l) = -2*l - 80 + 79 + 2*l + l. Calculate u(i).
5
Let p(x) = 2*x**3 - 17*x**2 - 3*x - 1. Let i(t) = -7*t**3 + 75*t**2 + 11*t + 4. Let o(d) = -2*i(d) - 9*p(d). Determine o(-2).
35
Let c(u) = -4*u - 2. Suppose 4*i - 26 = -14. Suppose -2*b - i*l + 7 = 2*l, 3*l = -5*b + 46. Let y be b/(-22)*(7 - 1). What is c(y)?
10
Let z(g) = -g**2 + 15*g - 4. Let n = 2756 + -2744. Determine z(n).
32
Let i(a) = -8*a**2 + 2*a + 4. Let p(r) = r - 12. Let l be p(15). Let j(w) = -w**2 - w 